{"id":54,"date":"2020-11-01T15:47:56","date_gmt":"2020-11-01T14:47:56","guid":{"rendered":"http:\/\/nouvelleorleanstraiteur.fr\/?page_id=54"},"modified":"2020-12-17T13:54:09","modified_gmt":"2020-12-17T12:54:09","slug":"un-chef-une-passion","status":"publish","type":"page","link":"https:\/\/nouvelleorleanstraiteur.fr\/?page_id=54","title":{"rendered":"Un Chef, une passion"},"content":{"rendered":"\n<div class=\"wp-block-media-text alignwide is-stacked-on-mobile\"><figure class=\"wp-block-media-text__media\"><img loading=\"lazy\" decoding=\"async\" width=\"580\" height=\"1024\" src=\"http:\/\/nouvelleorleanstraiteur.fr\/wp-content\/uploads\/2020\/11\/denischapeauchemise-580x1024.jpg\" alt=\"\" class=\"wp-image-55\" srcset=\"https:\/\/nouvelleorleanstraiteur.fr\/wp-content\/uploads\/2020\/11\/denischapeauchemise-580x1024.jpg 580w, https:\/\/nouvelleorleanstraiteur.fr\/wp-content\/uploads\/2020\/11\/denischapeauchemise-170x300.jpg 170w, https:\/\/nouvelleorleanstraiteur.fr\/wp-content\/uploads\/2020\/11\/denischapeauchemise-768x1355.jpg 768w, https:\/\/nouvelleorleanstraiteur.fr\/wp-content\/uploads\/2020\/11\/denischapeauchemise-871x1536.jpg 871w, https:\/\/nouvelleorleanstraiteur.fr\/wp-content\/uploads\/2020\/11\/denischapeauchemise.jpg 934w\" sizes=\"(max-width: 580px) 100vw, 580px\" \/><\/figure><div class=\"wp-block-media-text__content\">\n<p><strong>Fils et petit-fils de charcutier traiteur, d\u00e8s l&#8217;\u00e2ge de huit ans, avant de partir \u00e0 l&#8217;\u00e9cole ainsi que le dimanche matin, j&#8217;aidais mon p\u00e8re et&nbsp; ses employ\u00e9s dans son laboratoire de charcuterie. Autrement dit, je suis tomb\u00e9 dans la marmite de la cuisine d\u00e8s mon plus jeune \u00e2ge<\/strong>.<\/p>\n\n\n\n<p><strong>A 18 ans, je passe mon CAP de traiteur \u00e0 Paris.<\/strong><\/p>\n\n\n\n<p><strong>A 24 ans, les grands espaces m\u2019appellent et n&#8217;\u00e9coutant que le dieu Mercure je pars pour 5 ans en stop en tant que routard en Australie, Nouvelle Z\u00e9lande, Asie et Nouvelle Cal\u00e9donie<\/strong>.<\/p>\n\n\n\n<p><strong>A 32 ans, la fi\u00e8vre du voyage me reprend et je repars de nouveau autour du globe mais cette fois-ci en v\u00e9lo histoire de pimenter la recette du cuistot&#8230;\u00a0Mais c&#8217;\u00e9tait  sans compter sur V\u00e9nus et Cupidon qui de sa fl\u00e8che malicieuse  me dit \u00ab d&#8217;aller  voir l\u00e0-bas si j&#8217;y suis \u00bb. Et c&#8217;est ainsi que je me retrouve entre les bras d&#8217;une Japonaise. Fichtre, petite douceur du pays du soleil levant qui n&#8217;\u00e9tait pas pr\u00e9vue dans la recette. J&#8217;\u00e9courte mon voyage et fonde ma petite Famille en France<\/strong>.<\/p>\n\n\n\n<p><\/p>\n<\/div><\/div>\n\n\n\n<div class=\"wp-block-media-text alignwide has-media-on-the-right is-stacked-on-mobile\"><figure class=\"wp-block-media-text__media\"><img loading=\"lazy\" decoding=\"async\" width=\"579\" height=\"1024\" src=\"http:\/\/nouvelleorleanstraiteur.fr\/wp-content\/uploads\/2020\/11\/deniscuisine-579x1024.jpg\" alt=\"\" class=\"wp-image-56\" srcset=\"https:\/\/nouvelleorleanstraiteur.fr\/wp-content\/uploads\/2020\/11\/deniscuisine-579x1024.jpg 579w, https:\/\/nouvelleorleanstraiteur.fr\/wp-content\/uploads\/2020\/11\/deniscuisine-170x300.jpg 170w, https:\/\/nouvelleorleanstraiteur.fr\/wp-content\/uploads\/2020\/11\/deniscuisine-768x1358.jpg 768w, https:\/\/nouvelleorleanstraiteur.fr\/wp-content\/uploads\/2020\/11\/deniscuisine-869x1536.jpg 869w, https:\/\/nouvelleorleanstraiteur.fr\/wp-content\/uploads\/2020\/11\/deniscuisine.jpg 932w\" sizes=\"(max-width: 579px) 100vw, 579px\" \/><\/figure><div class=\"wp-block-media-text__content\">\n<p><strong>En 2003, pour faire bouillir la marmite, je d\u00e9cide de passer en collectivit\u00e9 et je me vois derri\u00e8re le self des cantines face aux \u00e9coliers et coll\u00e9giens qui, par ma complicit\u00e9, ma jovialit\u00e9 et mon look aux cheveux longs ne tardent pas \u00e0 m&#8217;appeler Brice-Denis (Brice De Nice). Ma r\u00e9putation \u00e9tait faite.<\/strong> Une maman d&#8217;\u00e9l\u00e8ve me faisant le plus beau compliment que l&#8217;on puisse recevoir: elle me qualifia le &#8220;Cyril Lignac&#8221; de l&#8217;\u00e9cole <\/p>\n\n\n\n<p><strong>C&#8217;est aussi vers cette p\u00e9riode que je me mets \u00e0 danser la country qui allait devenir un effet de mode quelques ann\u00e9es plus tard. Mon association de danse fait appel \u00e0 mes qualit\u00e9s de cuisinier pour organiser son\u00a0repas de fin d&#8217;ann\u00e9e. Quoi de plus naturel pour moi que de leur faire une jambalaya, cuisine traditionnelle de la Louisiane et qui est aussi une chanson classique dans\u00e9e par tous les clubs de country. Mon premier\u00a0repas de 500 personnes. Et ce coup d&#8217;essai fut un coup de ma\u00eetre. On me sollicita encore et encore\u2026 Nouvelle Orl\u00e9ans Traiteur \u00e9tait devenu \u00e0 mon insu en gestation dans ma t\u00eate.\u00a0 Il me prit quelques ann\u00e9es pour enfin enfanter  ce r\u00eave de cr\u00e9er ma \u00ab\u00a0petite\u00a0entreprise\u00a0\u00bb \u2026 de pouvoir cuisiner une cuisine qui me plait, de m&#8217;amuser sur un th\u00e8me qui me plait pour des gens  et qui me plaisent<\/strong> et \u00e0 qui \u00e7a plait<\/p>\n\n\n\n<p class=\"has-text-align-right\"><strong>Denis V\u00e9zier<\/strong><\/p>\n<\/div><\/div>\n\n\n\n<p><\/p>\n","protected":false},"excerpt":{"rendered":"<p>Fils et petit-fils de charcutier traiteur, d\u00e8s l&#8217;\u00e2ge de huit ans, avant de partir \u00e0 l&#8217;\u00e9cole ainsi que le dimanche matin, j&#8217;aidais mon p\u00e8re et&nbsp; ses employ\u00e9s dans son laboratoire de charcuterie. Autrement dit, je suis tomb\u00e9 dans la marmite de la cuisine d\u00e8s mon plus jeune \u00e2ge. A 18 ans, je passe mon CAP [&hellip;]<\/p>\n","protected":false},"author":2,"featured_media":0,"parent":0,"menu_order":0,"comment_status":"closed","ping_status":"closed","template":"","meta":{"ngg_post_thumbnail":0,"footnotes":""},"_links":{"self":[{"href":"https:\/\/nouvelleorleanstraiteur.fr\/index.php?rest_route=\/wp\/v2\/pages\/54"}],"collection":[{"href":"https:\/\/nouvelleorleanstraiteur.fr\/index.php?rest_route=\/wp\/v2\/pages"}],"about":[{"href":"https:\/\/nouvelleorleanstraiteur.fr\/index.php?rest_route=\/wp\/v2\/types\/page"}],"author":[{"embeddable":true,"href":"https:\/\/nouvelleorleanstraiteur.fr\/index.php?rest_route=\/wp\/v2\/users\/2"}],"replies":[{"embeddable":true,"href":"https:\/\/nouvelleorleanstraiteur.fr\/index.php?rest_route=%2Fwp%2Fv2%2Fcomments&post=54"}],"version-history":[{"count":4,"href":"https:\/\/nouvelleorleanstraiteur.fr\/index.php?rest_route=\/wp\/v2\/pages\/54\/revisions"}],"predecessor-version":[{"id":93,"href":"https:\/\/nouvelleorleanstraiteur.fr\/index.php?rest_route=\/wp\/v2\/pages\/54\/revisions\/93"}],"wp:attachment":[{"href":"https:\/\/nouvelleorleanstraiteur.fr\/index.php?rest_route=%2Fwp%2Fv2%2Fmedia&parent=54"}],"curies":[{"name":"wp","href":"https:\/\/api.w.org\/{rel}","templated":true}]}}

<div class="wp-block-media-text alignwide is-stacked-on-mobile"><figure class="wp-block-media-text__media"><img loading="lazy" decoding="async" width="580" height="1024" src="http://nouvelleorleanstraiteur.fr/wp-content/uploads/2020/11/denischapeauchemise-580x1024.jpg" alt="" class="wp-image-55" srcset="https://nouvelleorleanstraiteur.fr/wp-content/uploads/2020/11/denischapeauchemise-580x1024.jpg 580w, https://nouvelleorleanstraiteur.fr/wp-content/uploads/2020/11/denischapeauchemise-170x300.jpg 170w, https://nouvelleorleanstraiteur.fr/wp-content/uploads/2020/11/denischapeauchemise-768x1355.jpg 768w, https://nouvelleorleanstraiteur.fr/wp-content/uploads/2020/11/denischapeauchemise-871x1536.jpg 871w, https://nouvelleorleanstraiteur.fr/wp-content/uploads/2020/11/denischapeauchemise.jpg 934w" sizes="(max-width: 580px) 100vw, 580px" /></figure><div class="wp-block-media-text__content">
<p><strong>Fils et petit-fils de charcutier traiteur, dès l&#8217;âge de huit ans, avant de partir à l&#8217;école ainsi que le dimanche matin, j&#8217;aidais mon père et&nbsp; ses employés dans son laboratoire de charcuterie. Autrement dit, je suis tombé dans la marmite de la cuisine dès mon plus jeune âge</strong>.</p>



<p><strong>A 18 ans, je passe mon CAP de traiteur à Paris.</strong></p>



<p><strong>A 24 ans, les grands espaces m’appellent et n&#8217;écoutant que le dieu Mercure je pars pour 5 ans en stop en tant que routard en Australie, Nouvelle Zélande, Asie et Nouvelle Calédonie</strong>.</p>



<p><strong>A 32 ans, la fièvre du voyage me reprend et je repars de nouveau autour du globe mais cette fois-ci en vélo histoire de pimenter la recette du cuistot&#8230; Mais c&#8217;était  sans compter sur Vénus et Cupidon qui de sa flèche malicieuse  me dit « d&#8217;aller  voir là-bas si j&#8217;y suis ». Et c&#8217;est ainsi que je me retrouve entre les bras d&#8217;une Japonaise. Fichtre, petite douceur du pays du soleil levant qui n&#8217;était pas prévue dans la recette. J&#8217;écourte mon voyage et fonde ma petite Famille en France</strong>.</p>



<p></p>
</div></div>



<div class="wp-block-media-text alignwide has-media-on-the-right is-stacked-on-mobile"><figure class="wp-block-media-text__media"><img loading="lazy" decoding="async" width="579" height="1024" src="http://nouvelleorleanstraiteur.fr/wp-content/uploads/2020/11/deniscuisine-579x1024.jpg" alt="" class="wp-image-56" srcset="https://nouvelleorleanstraiteur.fr/wp-content/uploads/2020/11/deniscuisine-579x1024.jpg 579w, https://nouvelleorleanstraiteur.fr/wp-content/uploads/2020/11/deniscuisine-170x300.jpg 170w, https://nouvelleorleanstraiteur.fr/wp-content/uploads/2020/11/deniscuisine-768x1358.jpg 768w, https://nouvelleorleanstraiteur.fr/wp-content/uploads/2020/11/deniscuisine-869x1536.jpg 869w, https://nouvelleorleanstraiteur.fr/wp-content/uploads/2020/11/deniscuisine.jpg 932w" sizes="(max-width: 579px) 100vw, 579px" /></figure><div class="wp-block-media-text__content">
<p><strong>En 2003, pour faire bouillir la marmite, je décide de passer en collectivité et je me vois derrière le self des cantines face aux écoliers et collégiens qui, par ma complicité, ma jovialité et mon look aux cheveux longs ne tardent pas à m&#8217;appeler Brice-Denis (Brice De Nice). Ma réputation était faite.</strong> Une maman d&#8217;élève me faisant le plus beau compliment que l&#8217;on puisse recevoir: elle me qualifia le &#8220;Cyril Lignac&#8221; de l&#8217;école </p>



<p><strong>C&#8217;est aussi vers cette période que je me mets à danser la country qui allait devenir un effet de mode quelques années plus tard. Mon association de danse fait appel à mes qualités de cuisinier pour organiser son repas de fin d&#8217;année. Quoi de plus naturel pour moi que de leur faire une jambalaya, cuisine traditionnelle de la Louisiane et qui est aussi une chanson classique dansée par tous les clubs de country. Mon premier repas de 500 personnes. Et ce coup d&#8217;essai fut un coup de maître. On me sollicita encore et encore… Nouvelle Orléans Traiteur était devenu à mon insu en gestation dans ma tête.  Il me prit quelques années pour enfin enfanter  ce rêve de créer ma « petite entreprise » … de pouvoir cuisiner une cuisine qui me plait, de m&#8217;amuser sur un thème qui me plait pour des gens  et qui me plaisent</strong> et à qui ça plait</p>



<p class="has-text-align-right"><strong>Denis Vézier</strong></p>
</div></div>



<p></p>

<p>Fils et petit-fils de charcutier traiteur, dès l&#8217;âge de huit ans, avant de partir à l&#8217;école ainsi que le dimanche matin, j&#8217;aidais mon père et&nbsp; ses employés dans son laboratoire de charcuterie. Autrement dit, je suis tombé dans la marmite de la cuisine dès mon plus jeune âge. A 18 ans, je passe mon CAP [&hellip;]</p>
